{"id":2896,"date":"2024-06-04T15:36:37","date_gmt":"2024-06-04T14:36:37","guid":{"rendered":"https:\/\/vilacuinats.cat\/?post_type=product&#038;p=2896"},"modified":"2024-11-06T10:39:14","modified_gmt":"2024-11-06T09:39:14","slug":"lasana-de-atun-ca4","status":"publish","type":"product","link":"https:\/\/vilacuinats.cat\/es\/producto\/lasana-de-atun-ca4\/","title":{"rendered":"Lasa\u00f1a de at\u00fan"},"content":{"rendered":"<p>211.49 <span style=\"font-size: 16px;\">kcal por cada 100g.<\/span><\/p>\n<div class=\"flex-shrink-0 flex flex-col relative items-end\">\n<div>\n<div class=\"pt-0.5 juice:pt-0\">\n<div class=\"gizmo-bot-avatar flex h-6 w-6 items-center justify-center overflow-hidden rounded-full juice:h-8 juice:w-8\">\n<div class=\"relative p-1 rounded-sm flex items-center justify-center bg-token-main-surface-primary text-token-text-primary h-8 w-8\"><span style=\"font-size: 16px;\">Pruebe nuestra exquisita lasa\u00f1a de at\u00fan con canelones de s\u00e9mola de trigo duro, clara de huevo, bechamel cremosa, at\u00fan, cebolla frita, tomate frito, queso emmental, pimiento rojo, huevo, aceitunas verdes y especias arom\u00e1ticas. Perfecta para cualquier ocasi\u00f3n.<\/span><\/div>\n<\/div>\n<\/div>\n<\/div>\n<\/div>\n<p>&nbsp;<\/p>","protected":false},"excerpt":{"rendered":"<p>Canel\u00f3n (s\u00e9mola de TRIGO duro, clara de OU y GLUTEN de trigo), bechamel (LECHE uht entera, harina (harina de TRIGO, antioxidante (\u00e1cido asc\u00f3rbico y fosfato c\u00e1lcico)), margarina (grasa vegetal (palma), aceite vegetal (gira-sol) sos y lecitinas de girasol), corrector de acidez (\u00e1cido c\u00edtrico), conservante (\u00e1cido asc\u00f3rbico), antioxidante (palmidad asc\u00f3rbico y extractos naturales), colorante (betacaroteno) y aromas), sal, nuez moscada y especias), AT\u00daN claro (TONYINA) aceite de girasol refinado y winterizado alto oleico), tomate frito (tomate, aceite de girasol, az\u00facar, almid\u00f3n de ma\u00edz modificado, sal, acidulante (\u00e1cido c\u00edtrico) y cebolla), tomate frito (tomate, aceite de girasol, az\u00facar, almid\u00f3n ma\u00edz modificado, sal, acidulante (\u00e1cido c\u00edtrico) y cebolla), queso emmental (LECHE, sal, fermentos l\u00e1cticos), pimiento rojo, OU, aceitunas verdes (aceitunas, agua, sal, acidulante (\u00e1cido l\u00e1ctico y \u00e1cido c\u00edcrico) oleico, y sal<\/p>","protected":false},"featured_media":3236,"template":"","meta":{"inline_featured_image":false,"_uag_custom_page_level_css":"","site-sidebar-layout":"default","site-content-layout":"","ast-site-content-layout":"default","site-content-style":"default","site-sidebar-style":"default","ast-global-header-display":"","ast-banner-title-visibility":"","ast-main-header-display":"","ast-hfb-above-header-display":"","ast-hfb-below-header-display":"","ast-hfb-mobile-header-display":"","site-post-title":"","ast-breadcrumbs-content":"","ast-featured-img":"","footer-sml-layout":"","ast-disable-related-posts":"","theme-transparent-header-meta":"default","adv-header-id-meta":"","stick-header-meta":"","header-above-stick-meta":"","header-main-stick-meta":"","header-below-stick-meta":"","astra-migrate-meta-layouts":"set","ast-page-background-enabled":"default","ast-page-background-meta":{"desktop":{"background-color":"","background-image":"","background-repeat":"repeat","background-position":"center center","background-size":"auto","background-attachment":"scroll","background-type":"","background-media":"","overlay-type":"","overlay-color":"","overlay-opacity":"","overlay-gradient":""},"tablet":{"background-color":"","background-image":"","background-repeat":"repeat","background-position":"center center","background-size":"auto","background-attachment":"scroll","background-type":"","background-media":"","overlay-type":"","overlay-color":"","overlay-opacity":"","overlay-gradient":""},"mobile":{"background-color":"","background-image":"","background-repeat":"repeat","background-position":"center center","background-size":"auto","background-attachment":"scroll","background-type":"","background-media":"","overlay-type":"","overlay-color":"","overlay-opacity":"","overlay-gradient":""}},"ast-content-background-meta":{"desktop":{"background-color":"var(--ast-global-color-5)","background-image":"","background-repeat":"repeat","background-position":"center center","background-size":"auto","background-attachment":"scroll","background-type":"","background-media":"","overlay-type":"","overlay-color":"","overlay-opacity":"","overlay-gradient":""},"tablet":{"background-color":"var(--ast-global-color-5)","background-image":"","background-repeat":"repeat","background-position":"center center","background-size":"auto","background-attachment":"scroll","background-type":"","background-media":"","overlay-type":"","overlay-color":"","overlay-opacity":"","overlay-gradient":""},"mobile":{"background-color":"var(--ast-global-color-5)","background-image":"","background-repeat":"repeat","background-position":"center center","background-size":"auto","background-attachment":"scroll","background-type":"","background-media":"","overlay-type":"","overlay-color":"","overlay-opacity":"","overlay-gradient":""}}},"product_brand":[],"product_cat":[15],"product_tag":[],"class_list":{"0":"post-2896","1":"product","2":"type-product","3":"status-publish","4":"has-post-thumbnail","6":"product_cat-uncategorized","7":"desktop-align-left","8":"tablet-align-left","9":"mobile-align-left","11":"first","12":"instock","13":"taxable","14":"shipping-taxable","15":"purchasable","16":"product-type-simple"},"uagb_featured_image_src":{"full":["https:\/\/vilacuinats.cat\/wp-content\/uploads\/2024\/06\/Lasana-de-atun-4.jpg",1890,1417,false],"thumbnail":["https:\/\/vilacuinats.cat\/wp-content\/uploads\/2024\/06\/Lasana-de-atun-4-150x150.jpg",150,150,true],"medium":["https:\/\/vilacuinats.cat\/wp-content\/uploads\/2024\/06\/Lasana-de-atun-4-300x225.jpg",300,225,true],"medium_large":["https:\/\/vilacuinats.cat\/wp-content\/uploads\/2024\/06\/Lasana-de-atun-4-768x576.jpg",768,576,true],"large":["https:\/\/vilacuinats.cat\/wp-content\/uploads\/2024\/06\/Lasana-de-atun-4-1024x768.jpg",1024,768,true],"1536x1536":["https:\/\/vilacuinats.cat\/wp-content\/uploads\/2024\/06\/Lasana-de-atun-4-1536x1152.jpg",1536,1152,true],"2048x2048":["https:\/\/vilacuinats.cat\/wp-content\/uploads\/2024\/06\/Lasana-de-atun-4.jpg",1890,1417,false],"trp-custom-language-flag":["https:\/\/vilacuinats.cat\/wp-content\/uploads\/2024\/06\/Lasana-de-atun-4-16x12.jpg",16,12,true],"woocommerce_thumbnail":["https:\/\/vilacuinats.cat\/wp-content\/uploads\/2024\/06\/Lasana-de-atun-4-300x300.jpg",300,300,true],"woocommerce_single":["https:\/\/vilacuinats.cat\/wp-content\/uploads\/2024\/06\/Lasana-de-atun-4-600x450.jpg",600,450,true],"woocommerce_gallery_thumbnail":["https:\/\/vilacuinats.cat\/wp-content\/uploads\/2024\/06\/Lasana-de-atun-4-100x100.jpg",100,100,true]},"uagb_author_info":{"display_name":"info@articagency.com","author_link":"https:\/\/vilacuinats.cat\/es\/author\/"},"uagb_comment_info":0,"uagb_excerpt":"Canel\u00f3 (s\u00e8mola de BLAT dur, clara d'OU i GLUTEN de blat), beixamel (LLET uht sencera, farina (farina de BLAT, antioxidant (\u00e0cid asc\u00f2rbic i fosfat c\u00e0lcic)), margarina (greix vegetal (palma), oli vegetal (gira-sol), aigua, sal, emulgents (mono i diglic\u00e8rids d'\u00e0cids grassos i lecitines de gira-sol), corrector d'acidesa (\u00e0cid c\u00edtric), conservant (\u00e0cid asc\u00f2rbic), antioxidant (palmitat asc\u00f2rbic i&hellip;","_links":{"self":[{"href":"https:\/\/vilacuinats.cat\/es\/wp-json\/wp\/v2\/product\/2896","targetHints":{"allow":["GET"]}}],"collection":[{"href":"https:\/\/vilacuinats.cat\/es\/wp-json\/wp\/v2\/product"}],"about":[{"href":"https:\/\/vilacuinats.cat\/es\/wp-json\/wp\/v2\/types\/product"}],"wp:featuredmedia":[{"embeddable":true,"href":"https:\/\/vilacuinats.cat\/es\/wp-json\/wp\/v2\/media\/3236"}],"wp:attachment":[{"href":"https:\/\/vilacuinats.cat\/es\/wp-json\/wp\/v2\/media?parent=2896"}],"wp:term":[{"taxonomy":"product_brand","embeddable":true,"href":"https:\/\/vilacuinats.cat\/es\/wp-json\/wp\/v2\/product_brand?post=2896"},{"taxonomy":"product_cat","embeddable":true,"href":"https:\/\/vilacuinats.cat\/es\/wp-json\/wp\/v2\/product_cat?post=2896"},{"taxonomy":"product_tag","embeddable":true,"href":"https:\/\/vilacuinats.cat\/es\/wp-json\/wp\/v2\/product_tag?post=2896"}],"curies":[{"name":"wp","href":"https:\/\/api.w.org\/{rel}","templated":true}]}}

Lasaña de atún

<p>211.49 <span style="font-size: 16px;">kcal por cada 100g.</span></p>
<div class="flex-shrink-0 flex flex-col relative items-end">
<div>
<div class="pt-0.5 juice:pt-0">
<div class="gizmo-bot-avatar flex h-6 w-6 items-center justify-center overflow-hidden rounded-full juice:h-8 juice:w-8">
<div class="relative p-1 rounded-sm flex items-center justify-center bg-token-main-surface-primary text-token-text-primary h-8 w-8"><span style="font-size: 16px;">Pruebe nuestra exquisita lasaña de atún con canelones de sémola de trigo duro, clara de huevo, bechamel cremosa, atún, cebolla frita, tomate frito, queso emmental, pimiento rojo, huevo, aceitunas verdes y especias aromáticas. Perfecta para cualquier ocasión.</span></div>
</div>
</div>
</div>
</div>
<p>&nbsp;</p>

<p>Canelón (sémola de TRIGO duro, clara de OU y GLUTEN de trigo), bechamel (LECHE uht entera, harina (harina de TRIGO, antioxidante (ácido ascórbico y fosfato cálcico)), margarina (grasa vegetal (palma), aceite vegetal (gira-sol) sos y lecitinas de girasol), corrector de acidez (ácido cítrico), conservante (ácido ascórbico), antioxidante (palmidad ascórbico y extractos naturales), colorante (betacaroteno) y aromas), sal, nuez moscada y especias), ATÚN claro (TONYINA) aceite de girasol refinado y winterizado alto oleico), tomate frito (tomate, aceite de girasol, azúcar, almidón de maíz modificado, sal, acidulante (ácido cítrico) y cebolla), tomate frito (tomate, aceite de girasol, azúcar, almidón maíz modificado, sal, acidulante (ácido cítrico) y cebolla), queso emmental (LECHE, sal, fermentos lácticos), pimiento rojo, OU, aceitunas verdes (aceitunas, agua, sal, acidulante (ácido láctico y ácido cícrico) oleico, y sal</p>

Caneló (sèmola de BLAT dur, clara d'OU i GLUTEN de blat), beixamel (LLET uht sencera, farina (farina de BLAT, antioxidant (àcid ascòrbic i fosfat càlcic)), margarina (greix vegetal (palma), oli vegetal (gira-sol), aigua, sal, emulgents (mono i diglicèrids d'àcids grassos i lecitines de gira-sol), corrector d'acidesa (àcid cítric), conservant (àcid ascòrbic), antioxidant (palmitat ascòrbic i&hellip;
