{"id":2249,"date":"2024-04-16T06:39:25","date_gmt":"2024-04-16T05:39:25","guid":{"rendered":"https:\/\/vilacuinats.cat\/?page_id=2249"},"modified":"2024-11-06T09:06:33","modified_gmt":"2024-11-06T08:06:33","slug":"declaracion-de-accesibilidad-es","status":"publish","type":"page","link":"https:\/\/vilacuinats.cat\/es\/declaracion-de-accesibilidad-es\/","title":{"rendered":"Declaraci\u00f3n de accesibilidad"},"content":{"rendered":"<div data-elementor-type=\"wp-page\" data-elementor-id=\"2249\" class=\"elementor elementor-2249\" data-elementor-post-type=\"page\">\n\t\t\t\t\t\t<section class=\"elementor-section elementor-top-section elementor-element elementor-element-3a748fa elementor-section-content-middle elementor-reverse-tablet elementor-section-boxed elementor-section-height-default elementor-section-height-default\" data-id=\"3a748fa\" data-element_type=\"section\" data-settings=\"{&quot;background_background&quot;:&quot;classic&quot;}\">\n\t\t\t\t\t\t\t<div class=\"elementor-background-overlay\"><\/div>\n\t\t\t\t\t\t\t<div class=\"elementor-container elementor-column-gap-no\">\n\t\t\t\t\t<div class=\"elementor-column elementor-col-100 elementor-top-column elementor-element elementor-element-e06e9d3\" data-id=\"e06e9d3\" data-element_type=\"column\">\n\t\t\t<div class=\"elementor-widget-wrap elementor-element-populated\">\n\t\t\t\t\t\t<section class=\"elementor-section elementor-inner-section elementor-element elementor-element-73f6755 elementor-section-boxed elementor-section-height-default elementor-section-height-default\" data-id=\"73f6755\" data-element_type=\"section\">\n\t\t\t\t\t\t<div class=\"elementor-container elementor-column-gap-no\">\n\t\t\t\t\t<div class=\"elementor-column elementor-col-100 elementor-inner-column elementor-element elementor-element-ee1f26f\" data-id=\"ee1f26f\" data-element_type=\"column\">\n\t\t\t<div class=\"elementor-widget-wrap elementor-element-populated\">\n\t\t\t\t\t\t<div class=\"elementor-element elementor-element-61a36df elementor-widget elementor-widget-heading\" data-id=\"61a36df\" data-element_type=\"widget\" data-widget_type=\"heading.default\">\n\t\t\t\t<div class=\"elementor-widget-container\">\n\t\t\t\t\t<h1 class=\"elementor-heading-title elementor-size-default\">Declaraci\u00f3n de accesibilidad<\/h1>\t\t\t\t<\/div>\n\t\t\t\t<\/div>\n\t\t\t\t\t<\/div>\n\t\t<\/div>\n\t\t\t\t\t<\/div>\n\t\t<\/section>\n\t\t\t\t\t<\/div>\n\t\t<\/div>\n\t\t\t\t\t<\/div>\n\t\t<\/section>\n\t\t<div class=\"elementor-element elementor-element-e5fcc5c e-flex e-con-boxed e-con e-parent\" data-id=\"e5fcc5c\" data-element_type=\"container\" data-settings=\"{&quot;background_background&quot;:&quot;classic&quot;}\">\n\t\t\t\t\t<div class=\"e-con-inner\">\n\t\t\t\t<div class=\"elementor-element elementor-element-7e10dbf elementor-widget elementor-widget-text-editor\" data-id=\"7e10dbf\" data-element_type=\"widget\" data-widget_type=\"text-editor.default\">\n\t\t\t\t<div class=\"elementor-widget-container\">\n\t\t\t\t\t\t\t\t\t<p data-pm-slice=\"1 3 []\">Estamos comprometidos a hacer accesible nuestro sitio web de conformidad con el\u00a0<a href=\"https:\/\/www.boe.es\/buscar\/act.php?id=BOE-A-2018-12699\" target=\"_blank\" rel=\"noopener noreferrer nofollow\">Real Decreto 1112\/2018, de 7 de septiembre<\/a>, sobre accesibilidad de los sitios web y aplicaciones para dispositivos m\u00f3viles del sector p\u00fablico (en adelante, Real Decreto 1112\/2018, de 7 de septiembre).<\/p><p><strong>Situaci\u00f3n de cumplimiento<\/strong><\/p><p>Este sitio web es\u00a0<strong>parcialmente conforme<\/strong>\u00a0con el Real Decreto 1112\/2018, de 7 de septiembre, debido a la carencia de conformidad de los aspectos que se indican a continuaci\u00f3n.<\/p><p><strong>Contenido no accesible<\/strong><\/p><p>El contenido que se recoge a continuaci\u00f3n no es accesible por lo siguiente:<\/p><ol><li><p><strong>Carga desproporcionada<\/strong>: no aplica.<\/p><\/li><\/ol><p><strong>Preparaci\u00f3n de esta declaraci\u00f3n de accesibilidad<\/strong><\/p><p>Esta declaraci\u00f3n fue preparada el 15 de febrero de 2024.<\/p><p>El m\u00e9todo empleado para preparar la declaraci\u00f3n ha sido una autoevaluaci\u00f3n llevada a cabo por el propio organismo.<\/p><p><strong>Observaciones y datos de contacto<\/strong><\/p><p>Puede realizar comunicaciones sobre requisitos de accesibilidad (art\u00edculo 10.2.a) del Real decreto 1112\/2018, de 7 de septiembre) como, por ejemplo:<\/p><ul><li><p>Informar sobre cualquier posible incumplimiento por parte de este sitio web.<\/p><\/li><li><p>Transmitir otras dificultades de acceso al contenido.<\/p><\/li><li><p>Formular cualquier otra consulta o sugerencia de mejora relativa a la accesibilidad del sitio web.<\/p><\/li><\/ul><p>A trav\u00e9s de las siguientes v\u00edas:<\/p><ul><li>Correo electr\u00f3nico: <a href=\"mailto:legal@vilamercat.cat\">legal@vilamercat.cat<\/a><\/li><li>Tel\u00e9fono: +34670758323<\/li><\/ul><p>Las comunicaciones ser\u00e1n recibidas y tratadas por la direcci\u00f3n de la empresa como unidad responsable de los contenidos de este sitio web.<\/p><p><strong>Contenido opcional<\/strong><\/p><p>La versi\u00f3n actualmente visible de este sitio web es de febrero de 2024 y en esa fecha se hizo la revisi\u00f3n del nivel de accesibilidad vigente en el momento.<\/p><p>A partir de la fecha mencionada se llevan a cabo revisiones parciales diarias del contenido web nuevo o modificado, tanto de las plantillas como de las p\u00e1ginas y documentos finales publicados, a fin de asegurar el cumplimiento de los requerimientos de accesibilidad de la Norma UNE- EN 301549:2019, considerando las excepciones del Real Decreto 1112\/2018, de 7 de septiembre.<\/p><p>Entre otras, se adoptan las siguientes medidas para facilitar la accesibilidad:<\/p><ul><li><p>Utilizaci\u00f3n de texto alternativo en las im\u00e1genes<\/p><\/li><li><p>Los enlaces ofrecen detalles de la funci\u00f3n o destino del hiperenlace<\/p><\/li><li><p>Uso de los est\u00e1ndares de W3C: XHTML 1.0, CSS 3.0, WAI AA.<\/p><\/li><\/ul>\t\t\t\t\t\t\t\t<\/div>\n\t\t\t\t<\/div>\n\t\t\t\t\t<\/div>\n\t\t\t\t<\/div>\n\t\t\t\t<\/div>","protected":false},"excerpt":{"rendered":"<p>Declaraci\u00f3 d&#8217;accessibilitat Estem compromesos a fer accessible el nostre lloc web de conformitat amb el\u00a0Reial Decret 1112\/2018, de 7 de setembre, sobre accessibilitat dels llocs web i aplicacions per a dispositius m\u00f2bils del sector p\u00fablic (d&#8217;ara endavant, Reial Decret 1112\/2018, de 7 de setembre). Situaci\u00f3 de compliment Aquest lloc web \u00e9s\u00a0parcialment conforme\u00a0amb el Reial Decret [&hellip;]<\/p>","protected":false},"author":1,"featured_media":0,"parent":0,"menu_order":0,"comment_status":"closed","ping_status":"closed","template":"","meta":{"inline_featured_image":false,"_uag_custom_page_level_css":"","site-sidebar-layout":"no-sidebar","site-content-layout":"page-builder","ast-site-content-layout":"full-width-container","site-content-style":"default","site-sidebar-style":"default","ast-global-header-display":"","ast-banner-title-visibility":"","ast-main-header-display":"","ast-hfb-above-header-display":"","ast-hfb-below-header-display":"","ast-hfb-mobile-header-display":"","site-post-title":"disabled","ast-breadcrumbs-content":"","ast-featured-img":"disabled","footer-sml-layout":"","ast-disable-related-posts":"","theme-transparent-header-meta":"","adv-header-id-meta":"","stick-header-meta":"","header-above-stick-meta":"","header-main-stick-meta":"","header-below-stick-meta":"","astra-migrate-meta-layouts":"set","ast-page-background-enabled":"default","ast-page-background-meta":{"desktop":{"background-color":"","background-image":"","background-repeat":"repeat","background-position":"center center","background-size":"auto","background-attachment":"scroll","background-type":"","background-media":"","overlay-type":"","overlay-color":"","overlay-opacity":"","overlay-gradient":""},"tablet":{"background-color":"","background-image":"","background-repeat":"repeat","background-position":"center center","background-size":"auto","background-attachment":"scroll","background-type":"","background-media":"","overlay-type":"","overlay-color":"","overlay-opacity":"","overlay-gradient":""},"mobile":{"background-color":"","background-image":"","background-repeat":"repeat","background-position":"center center","background-size":"auto","background-attachment":"scroll","background-type":"","background-media":"","overlay-type":"","overlay-color":"","overlay-opacity":"","overlay-gradient":""}},"ast-content-background-meta":{"desktop":{"background-color":"var(--ast-global-color-5)","background-image":"","background-repeat":"repeat","background-position":"center center","background-size":"auto","background-attachment":"scroll","background-type":"","background-media":"","overlay-type":"","overlay-color":"","overlay-opacity":"","overlay-gradient":""},"tablet":{"background-color":"var(--ast-global-color-5)","background-image":"","background-repeat":"repeat","background-position":"center center","background-size":"auto","background-attachment":"scroll","background-type":"","background-media":"","overlay-type":"","overlay-color":"","overlay-opacity":"","overlay-gradient":""},"mobile":{"background-color":"var(--ast-global-color-5)","background-image":"","background-repeat":"repeat","background-position":"center center","background-size":"auto","background-attachment":"scroll","background-type":"","background-media":"","overlay-type":"","overlay-color":"","overlay-opacity":"","overlay-gradient":""}},"footnotes":""},"class_list":["post-2249","page","type-page","status-publish","hentry"],"uagb_featured_image_src":{"full":false,"thumbnail":false,"medium":false,"medium_large":false,"large":false,"1536x1536":false,"2048x2048":false,"trp-custom-language-flag":false,"woocommerce_thumbnail":false,"woocommerce_single":false,"woocommerce_gallery_thumbnail":false},"uagb_author_info":{"display_name":"info@articagency.com","author_link":"https:\/\/vilacuinats.cat\/es\/author\/infoarticagency-com\/"},"uagb_comment_info":0,"uagb_excerpt":"Declaraci\u00f3 d&#8217;accessibilitat Estem compromesos a fer accessible el nostre lloc web de conformitat amb el\u00a0Reial Decret 1112\/2018, de 7 de setembre, sobre accessibilitat dels llocs web i aplicacions per a dispositius m\u00f2bils del sector p\u00fablic (d&#8217;ara endavant, Reial Decret 1112\/2018, de 7 de setembre). Situaci\u00f3 de compliment Aquest lloc web \u00e9s\u00a0parcialment conforme\u00a0amb el Reial Decret&hellip;","_links":{"self":[{"href":"https:\/\/vilacuinats.cat\/es\/wp-json\/wp\/v2\/pages\/2249","targetHints":{"allow":["GET"]}}],"collection":[{"href":"https:\/\/vilacuinats.cat\/es\/wp-json\/wp\/v2\/pages"}],"about":[{"href":"https:\/\/vilacuinats.cat\/es\/wp-json\/wp\/v2\/types\/page"}],"author":[{"embeddable":true,"href":"https:\/\/vilacuinats.cat\/es\/wp-json\/wp\/v2\/users\/1"}],"replies":[{"embeddable":true,"href":"https:\/\/vilacuinats.cat\/es\/wp-json\/wp\/v2\/comments?post=2249"}],"version-history":[{"count":1,"href":"https:\/\/vilacuinats.cat\/es\/wp-json\/wp\/v2\/pages\/2249\/revisions"}],"predecessor-version":[{"id":3454,"href":"https:\/\/vilacuinats.cat\/es\/wp-json\/wp\/v2\/pages\/2249\/revisions\/3454"}],"wp:attachment":[{"href":"https:\/\/vilacuinats.cat\/es\/wp-json\/wp\/v2\/media?parent=2249"}],"curies":[{"name":"wp","href":"https:\/\/api.w.org\/{rel}","templated":true}]}}

Declaración de accesibilidad

<div data-elementor-type="wp-page" data-elementor-id="2249" class="elementor elementor-2249" data-elementor-post-type="page">
						<section class="elementor-section elementor-top-section elementor-element elementor-element-3a748fa elementor-section-content-middle elementor-reverse-tablet elementor-section-boxed elementor-section-height-default elementor-section-height-default" data-id="3a748fa" data-element_type="section" data-settings="{&quot;background_background&quot;:&quot;classic&quot;}">
							<div class="elementor-background-overlay"></div>
							<div class="elementor-container elementor-column-gap-no">
					<div class="elementor-column elementor-col-100 elementor-top-column elementor-element elementor-element-e06e9d3" data-id="e06e9d3" data-element_type="column">
			<div class="elementor-widget-wrap elementor-element-populated">
						<section class="elementor-section elementor-inner-section elementor-element elementor-element-73f6755 elementor-section-boxed elementor-section-height-default elementor-section-height-default" data-id="73f6755" data-element_type="section">
						<div class="elementor-container elementor-column-gap-no">
					<div class="elementor-column elementor-col-100 elementor-inner-column elementor-element elementor-element-ee1f26f" data-id="ee1f26f" data-element_type="column">
			<div class="elementor-widget-wrap elementor-element-populated">
						<div class="elementor-element elementor-element-61a36df elementor-widget elementor-widget-heading" data-id="61a36df" data-element_type="widget" data-widget_type="heading.default">
				<div class="elementor-widget-container">
					<h1 class="elementor-heading-title elementor-size-default">Declaración de accesibilidad</h1>				</div>
				</div>
					</div>
		</div>
					</div>
		</section>
					</div>
		</div>
					</div>
		</section>
		<div class="elementor-element elementor-element-e5fcc5c e-flex e-con-boxed e-con e-parent" data-id="e5fcc5c" data-element_type="container" data-settings="{&quot;background_background&quot;:&quot;classic&quot;}">
					<div class="e-con-inner">
				<div class="elementor-element elementor-element-7e10dbf elementor-widget elementor-widget-text-editor" data-id="7e10dbf" data-element_type="widget" data-widget_type="text-editor.default">
				<div class="elementor-widget-container">
									<p data-pm-slice="1 3 []">Estamos comprometidos a hacer accesible nuestro sitio web de conformidad con el <a href="https://www.boe.es/buscar/act.php?id=BOE-A-2018-12699" target="_blank" rel="noopener noreferrer nofollow">Real Decreto 1112/2018, de 7 de septiembre</a>, sobre accesibilidad de los sitios web y aplicaciones para dispositivos móviles del sector público (en adelante, Real Decreto 1112/2018, de 7 de septiembre).</p><p><strong>Situación de cumplimiento</strong></p><p>Este sitio web es <strong>parcialmente conforme</strong> con el Real Decreto 1112/2018, de 7 de septiembre, debido a la carencia de conformidad de los aspectos que se indican a continuación.</p><p><strong>Contenido no accesible</strong></p><p>El contenido que se recoge a continuación no es accesible por lo siguiente:</p><ol><li><p><strong>Carga desproporcionada</strong>: no aplica.</p></li></ol><p><strong>Preparación de esta declaración de accesibilidad</strong></p><p>Esta declaración fue preparada el 15 de febrero de 2024.</p><p>El método empleado para preparar la declaración ha sido una autoevaluación llevada a cabo por el propio organismo.</p><p><strong>Observaciones y datos de contacto</strong></p><p>Puede realizar comunicaciones sobre requisitos de accesibilidad (artículo 10.2.a) del Real decreto 1112/2018, de 7 de septiembre) como, por ejemplo:</p><ul><li><p>Informar sobre cualquier posible incumplimiento por parte de este sitio web.</p></li><li><p>Transmitir otras dificultades de acceso al contenido.</p></li><li><p>Formular cualquier otra consulta o sugerencia de mejora relativa a la accesibilidad del sitio web.</p></li></ul><p>A través de las siguientes vías:</p><ul><li>Correo electrónico: <a href="mailto:legal@vilamercat.cat">legal@vilamercat.cat</a></li><li>Teléfono: +34670758323</li></ul><p>Las comunicaciones serán recibidas y tratadas por la dirección de la empresa como unidad responsable de los contenidos de este sitio web.</p><p><strong>Contenido opcional</strong></p><p>La versión actualmente visible de este sitio web es de febrero de 2024 y en esa fecha se hizo la revisión del nivel de accesibilidad vigente en el momento.</p><p>A partir de la fecha mencionada se llevan a cabo revisiones parciales diarias del contenido web nuevo o modificado, tanto de las plantillas como de las páginas y documentos finales publicados, a fin de asegurar el cumplimiento de los requerimientos de accesibilidad de la Norma UNE- EN 301549:2019, considerando las excepciones del Real Decreto 1112/2018, de 7 de septiembre.</p><p>Entre otras, se adoptan las siguientes medidas para facilitar la accesibilidad:</p><ul><li><p>Utilización de texto alternativo en las imágenes</p></li><li><p>Los enlaces ofrecen detalles de la función o destino del hiperenlace</p></li><li><p>Uso de los estándares de W3C: XHTML 1.0, CSS 3.0, WAI AA.</p></li></ul>								</div>
				</div>
					</div>
				</div>
				</div>

<p>Declaració d&#8217;accessibilitat Estem compromesos a fer accessible el nostre lloc web de conformitat amb el Reial Decret 1112/2018, de 7 de setembre, sobre accessibilitat dels llocs web i aplicacions per a dispositius mòbils del sector públic (d&#8217;ara endavant, Reial Decret 1112/2018, de 7 de setembre). Situació de compliment Aquest lloc web és parcialment conforme amb el Reial Decret [&hellip;]</p>

Declaració d&#8217;accessibilitat Estem compromesos a fer accessible el nostre lloc web de conformitat amb el Reial Decret 1112/2018, de 7 de setembre, sobre accessibilitat dels llocs web i aplicacions per a dispositius mòbils del sector públic (d&#8217;ara endavant, Reial Decret 1112/2018, de 7 de setembre). Situació de compliment Aquest lloc web és parcialment conforme amb el Reial Decret&hellip;
